27 is divided by 54.
51
What is the remainder when 67431 is divided by 977?
18
Calculate the remainder when 3955 is divided by 412.
247
What is the remainder when 398360 is divided by 104?
40
Calculate the remainder when 1351 is divided by 1349.
2
What is the remainder when 41450 is divided by 846?
842
What is the remainder when 8008 is divided by 345?
73
What is the remainder when 6962 is divided by 6958?
4
Calculate the remainder when 598272 is divided by 59827.
2
What is the remainder when 204658 is divided by 102296?
66
Calculate the remainder when 39533 is divided by 23.
19
Calculate the remainder when 25479 is divided by 868.
307
What is the remainder when 169117 is divided by 13?
0
Calculate the remainder when 7042 is divided by 1406.
12
What is the remainder when 26284 is divided by 337?
335
What is the remainder when 153 is divided by 37?
5
Calculate the remainder when 11040 is divided by 241.
195
What is the remainder when 7059 is divided by 109?
83
Calculate the remainder when 250832 is divided by 50.
32
What is the remainder when 7727 is divided by 1661?
1083
Calculate the remainder when 7059 is divided by 1518.
987
What is the remainder when 7456 is divided by 19?
8
What is the remainder when 522657 is divided by 21777?
9
Calculate the remainder when 2069 is divided by 359.
274
Calculate the remainder when 13783 is divided by 37.
19
What is the remainder when 782 is divided by 62?
38
Calculate the remainder when 2889 is divided by 2878.
11
What is the remainder when 47435 is divided by 251?
247
What is the remainder when 3167 is divided by 254?
119
What is the remainder when 5650 is divided by 2819?
12
Calculate the remainder when 27167 is divided by 27147.
20
What is the remainder when 4143 is divided by 3996?
147
Calculate the remainder when 1074 is divided by 76.
10
Calculate the remainder when 46040 is divided by 23013.
14
What is the remainder when 348 is divided by 33?
18
What is the remainder when 3911 is divided by 1385?
1141
Calculate the remainder when 86226 is divided by 23.
22
Calculate the remainder when 30111 is divided by 42.
39
What is the remainder when 13043 is divided by 652?
3
What is the remainder when 26676 is divided by 13328?
20
Calculate the remainder when 51142 is divided by 139.
129
Calculate the remainder when 27922 is divided by 105.
97
Calculate the remainder when 14676 is divided by 108.
96
What is the remainder when 4895 is divided by 1043?
723
What is the remainder when 125493 is divided by 14?
11
Calculate the remainder when 27344 is divided by 121.
119
Calculate the remainder when 6658 is divided by 826.
50
What is the remainder when 22097 is divided by 64?
17
What is the remainder when 1603 is divided by 163?
136
What is the remainder when 9618 is divided by 554?
200
Calculate the remainder when 27181 is divided by 27167.
14
What is the remainder when 53201 is divided by 69?
2
Calculate the remainder when 34688 is divided by 1195.
33
What is the remainder when 207 is divided by 192?
15
Calculate the remainder when 197041 is divided by 98514.
13
Calculate the remainder when 3066 is divided by 663.
414
What is the remainder when 5802 is divided by 98?
20
Calculate the remainder when 16176 is divided by 521.
25
Calculate the remainder when 1318 is divided by 65.
18
What is the remainder when 2759 is divided by 173?
164
What is the remainder when 83050 is divided by 21?
16
Calculate the remainder when 19880 is divided by 19769.
111
What is the remainder when 2433 is divided by 3?
0
Calculate the remainder when 9370 is divided by 239.
49
What is the remainder when 120179 is divided by 60086?
7
What is the remainder when 11164 is divided by 1588?
48
Calculate the remainder when 15507 is divided by 4.
3
What is the remainder when 1782699 is divided by 891344?
11
Calculate the remainder when 21015 is divided by 2314.
189
Calculate the remainder when 27532 is divided by 787.
774
Calculate the remainder when 3084 is divided by 738.
132
What is the remainder when 4329 is divided by 1364?
237
What is the remainder when 531342 is divided by 3?
0
What is the remainder when 628 is divided by 12?
4
What is the remainder when 1617 is divided by 178?
15
What is the remainder when 5236 is divided by 249?
7
Calculate the remainder when 1423 is divided by 15.
13
Calculate the remainder when 4845 is divided by 606.
603
Calculate the remainder when 12671 is divided by 176.
175
Calculate the remainder when 180550 is divided by 4.
2
What is the remainder when 6910 is divided by 6903?
7
Calculate the remainder when 12243 is divided by 4077.
12
Calculate the remainder when 17601 is divided by 565.
86
What is the remainder when 1605 is divided by 530?
15
Calculate the remainder when 152186 is divided by 179.
36
What is the remainder when 45728 is divided by 153?
134
What is the remainder when 101815 is divided by 104?
103
Calculate the remainder when 1636 is divided by 1319.
317
What is the remainder when 105774 is divided by 52877?
20
Calculate the remainder when 623479 is divided by 1242.
1237
Calculate the remainder when 239050 is divided by 481.
474
Calculate the remainder when 82071 is divided by 12.
3
What is the remainder when 7014 is divided by 540?
534
What is the remainder when 1934 is divided by 1815?
119
Calculate the remainder when 3133 is divided by 677.
425
What is the remainder when 3298 is divided by 955?
433
What is the remainder when 13837 is divided by 631?
586
Calculate the remainder when 2856246 is divided by 489.
486
What is the remainder when 7407 is divided by 122?
87
What is the remainder when 8193 is divided by 1636?
13
What is the remainder when 28048 is divided by 23?
11
What is the remainder when 6985 is divided by 75?
10
What is the remainder when 5995 is divided by 214?
3
What is the remainder when 198117 is divided by 573?
432
Calculate the remainder when 18707 is divided by 457.
427
What is the remainder when 18731 is divided by 346?
47
Calculate the remainder when 1185 is divided by 483.
219
What is the remainder when 10517 is divided by 1280?
277
Calculate the remainder when 2055 is divided by 1194.
861
What is the remainder when 163250 is divided by 14839?
21
Calculate the remainder when 748721 is divided by 646.
7
What is the remainder when 16197 is divided by 15?
12
Calculate the remainder when 137650 is divided by 805.
800
What is the remainder when 119507 is divided by 1358?
3
What is the remainder when 155436 is divided by 11?
6
Calculate the remainder when 297768 is divided by 2127.
2115
What is the remainder when 18774 is divided by 6256?
6
What is the remainder when 30039 is divided by 2144?
23
What is the remainder when 124836 is divided by 31?
30
Calculate the remainder when 2138 is divided by 157.
97
What is the remainder when 11474 is divided by 12?
2
What is the remainder when 34452 is divided by 415?
7
What is the remainder when 51172 is divided by 3411?
7
Calculate the remainder when 1267 is divided by 17.
9
Calculate the remainder when 29565 is divided by 65.
55
What is the remainder when 2578 is divided by 225?
103
Calculate the remainder when 772673 is divided by 759.
11
What is the remainder when 26135 is divided by 6?
5
Calculate the remainder when 849 is divided by 123.
111
Calculate the remainder when 21374 is divided by 9.
8
What is the remainder when 1863 is divided by 60?
3
What is the remainder when 5495 is divided by 70?
35
What is the remainder when 38309 is divided by 2136?
1997
What is the remainder when 17576 is divided by 631?
539
What is the remainder when 1559746 is divided by 19?
17
Calculate the remainder when 20563 is divided by 1122.
367
What is the remainder when 78715 is divided by 246?
241
Calculate the remainder when 319 is divided by 88.
55
What is the remainder when 15207 is divided by 169?
166
What is the remainder when 57621 is divided by 88?
69
Calculate the remainder when 29687 is divided by 58.
49
Calculate the remainder when 382072 is divided by 382061.
11
Calculate the remainder when 3796 is divided by 1898.
0
What is the remainder when 23010 is divided by 3286?
8
What is the remainder when 6931 is divided by 532?
15
What is the remainder when 316 is divided by 105?
1
What is the remainder when 3110 is divided by 302?
90
Calculate 